tor of b and 9?
9
Suppose 2*r = -4*o - o + 23, -o + 11 = 2*r. Suppose 0 = -4*w - t + 38, o*w + 3*t - 34 = -w. What is the highest common factor of w and 110?
10
Suppose 16*g = -8*g + 120. Let j be 4/(-14) + (-846)/(-21). What is the highest common factor of j and g?
5
Suppose -5*h = i - 51, 2*i + 0*i - 3 = -h. Calculate the highest common factor of h and 55.
11
Let a(w) = -w**3 - w**2 - 2*w + 5. Let r be (0*(-2)/6)/(-1). Let y be a(r). What is the highest common factor of 35 and y?
5
Let y be (-14)/3*90/(-7). What is the highest common divisor of y and 20?
20
Let m be -2*(-3)/1 + -2. Suppose m*l = 3 + 1. Let u be (0 - -4)*(2 - 0). Calculate the greatest common divisor of u and l.
1
Let n(x) = x**3 - 3*x**2 + 7*x. Let v be n(4). What is the highest common factor of 110 and v?
22
Let t(j) = -j + 65. Let h be t(0). Let g = -22 + 14. Let o be (-110)/g + (-6)/8. Calculate the greatest common factor of h and o.
13
Suppose 0 = p + 5*h + 21, -p + 0*p + 9 = -h. Let i = 129 + -26. Let a = i + -67. What is the greatest common divisor of p and a?
4
Let w be 168/16 + 3/2. Suppose 0 = l + 5*r - w, 4*l - 3*r + 2*r = 111. What is the greatest common divisor of l and 3?
3
Let d be 1 + (2 - -2) + 9. What is the greatest common divisor of d and 14?
14
Let a(p) = -15*p. Let y be -4 - -6 - 3/1. Let i be a(y). What is the greatest common factor of 3 and i?
3
Let c = 108 + -72. Suppose 4*f - 3*f - 4 = 0. Let s be ((-112)/35)/(f/(-30)). Calculate the greatest common factor of c and s.
12
Let q = 15 + -11. Suppose 0 = -4*w + q, -11 - 21 = -2*s - 4*w. Calculate the highest common divisor of s and 98.
14
Let m(n) = -10*n**3 + n**2 + n. Suppose -z = t - 1, t - 3*t - 6 = -2*z. Let r be m(t). Calculate the highest common divisor of 15 and r.
5
Suppose 0 = 5*t - 2*y + 58, 2*t + y + 9 = -16. Let k be 8/t + 422/3. Suppose 6*n - n = k. What is the greatest common factor of n and 7?
7
Suppose -12 - 9 = -3*w. Let h(c) = c**2 - 9*c + 9. Let j be h(w). Let o = 18 + j. Calculate the highest common divisor of o and 104.
13
Suppose 3*n - 3*z - 32 - 1 = 0, 4*z + 23 = n. Suppose -n*v = -5*v - 34. What is the greatest common factor of 17 and v?
17
Let a be (-3)/(1 - 82/80). Let v = -1 + -1. Let c be (-1 + -14)*(-3 - v). What is the greatest common divisor of c and a?
15
Suppose -11*l = -6*l - 75. Let n = -5 + l. What is the highest common divisor of 10 and n?
10
Suppose 0 = r - 3*o, -4*r + 4*o + 16 = -0*o. What is the greatest common divisor of r and 24?
6
Let o be 8 - 6 - (-1 + -33). What is the highest common divisor of 198 and o?
18
Let p be -2*(-29 - (-3 + 0)). Let m(j) = j**2 + j + 130. Let y be m(0). What is the greatest common divisor of p and y?
26
Suppose -3*c + 8 = 4*q, -5*c + 5*q = -5 + 15. Suppose c = j + 4*o - o - 84, 0 = 3*j + o - 236. Calculate the highest common factor of 52 and j.
26
Let t be (-2)/(-3) + (-590)/(-15). Calculate the highest common factor of 16 and t.
8
Suppose 4*l - 5*d - 322 = 7*l, -2*l = 2*d + 208. Let n = -63 - l. What is the greatest common divisor of n and 24?
12
Let o = -34 + 76. Let x(w) = 12*w**2 + 2*w - 3. Let d be x(2). Let b = d + o. Calculate the highest common divisor of b and 13.
13
Suppose 101 = 5*d - 64. Calculate the highest common factor of 22 and d.
11
Let o(v) = -v. Let h be o(0). Suppose -2*g = -2 - h. Calculate the highest common factor of 1 and g.
1
Let b be 2*(0 - 447/(-6)). Suppose 5*o = b + 96. Suppose 0 = m - 0 + 1, -4*j + 5*m + o = 0. What is the greatest common factor of 121 and j?
11
Let t = 56 - 16. Let c = -18 - -23. Calculate the highest common divisor of c and t.
5
Suppose -16*k = -6*k - 440. Calculate the greatest common divisor of 33 and k.
11
Let x = 3 + -1. Let c be -6*(x + (-6)/2). Calculate the greatest common divisor of c and 2.
2
Let t be (-276)/(-18) + 4/6. Suppose a + 3*a = 4*h - 20, 2*a - 5*h = -t. Let l be (-486)/(-24)*(-8)/a. What is the greatest common divisor of l and 6?
6
Suppose 2*i - 34 = -4. Calculate the greatest common divisor of i and 6.
3
Let m = 16 + -8. Suppose m*j - 25 = 3*j. Let t be -2 + j - (-3 - -1). What is the highest common divisor of t and 55?
5
Let q be 0 + 1 + (6 - 2). What is the highest common divisor of 25 and q?
5
Let p(i) = i + 12. Let d be p(-6). Suppose -2*l - 1720 = -d*l. Let x be l/9 - 2/(-9). What is the greatest common divisor of x and 12?
12
Let i be (-3 + 4)/((-2)/(-396)). Suppose -6*v + 4*v = -4. Suppose -3*a = -v*x - 64, 3*x = -2*a - 0*a + 21. What is the highest common factor of i and a?
18
Let c(r) = r - 1. Let m be c(4). Calculate the greatest common divisor of m and 33.
3
Let l = -51 - -74. Suppose 5*q - l + 13 = 0. Calculate the greatest common factor of q and 1.
1
Let z(i) = i**2 - 8*i + 10. Let a be z(7). Suppose a*n = -0*n. Suppose s + 429 = -n*c + 4*c, 0 = -s + 3. Calculate the highest common divisor of c and 12.
12
Let t(k) = k**3 - 7*k**2 + 2. Let o be t(7). Let y = 6 - 4. What is the greatest common divisor of y and o?
2
Let a be 45*(3 - (-13)/(-5)). Calculate the highest common divisor of a and 6.
6
Suppose 5*o - 34 + 13 = -4*z, -4*z + 5*o = -51. Calculate the highest common divisor of 81 and z.
9
Let x be (-4)/(-2) + -4 + 0. Let d(l) = -38*l + 2. Let q be d(x). Let u be (-16)/(-1) - 3/1. Calculate the highest common divisor of q and u.
13
Suppose -3*j - 33 = -y - 6*j, -2*y + 3*j = -93. Let s = 43 - -7. Suppose b + 2*b = -2*m + s, -m = b - 26. What is the greatest common factor of m and y?
14
Let t be (-1104)/(-40) - 2/(-5). Suppose u = -u + t. What is the highest common divisor of u and 2?
2
Let z(f) = -f - 1. Let x(l) = l**2 - 4*l - 8. Let m be x(6). Let u be z(m). Let d be u - -3 - 30/(-1). What is the greatest common divisor of d and 7?
7
Let x(b) = 2 + 4*b**2 + 3*b**2 + b**2 + 0*b**2 - 10*b + b**3. Let k be x(-9). Calculate the highest common factor of 77 and k.
11
Suppose -5*j + 0 + 21 = -4*d, 4*d = j - 1. Let t(k) = -2*k - 8. Let l be t(-6). Let n be (1 + -3)/(2 - l). Calculate the greatest common divisor of d and n.
1
Let d(h) = h**2 + 10*h + 14. Let q be d(-10). Calculate the greatest common factor of q and 2.
2
Let y(i) = i**2 + i + 72. Let x be y(0). Suppose 5*m = 3*m + x. What is the highest common divisor of 4 and m?
4
Suppose -5*t + 18 = -q + 1, 0 = -t - q + 1. Let b be 4/(-6) + 107/t. Let i = 7 + -2. Calculate the highest common factor of i and b.
5
Suppose 0 = -j + 3, 0 = -5*m + 4*j + 43 - 5. Calculate the greatest common divisor of m and 30.
10
Let y(w) = 8*w. Let f be y(1). Suppose -4 + 8 = s. Let k be s/(-2) - (-42 + 0). Calculate the greatest common factor of k and f.
8
Let a(z) = -z - 4. Let c be a(-3). Let d(k) = -2*k**3 - 4*k**2 + 3*k + 6. Let q be d(-3). Let v = q + c. What is the greatest common divisor of v and 21?
7
Suppose -74 = -3*v + 8*u - 4*u, 5*u - 78 = -4*v. Calculate the highest common divisor of v and 242.
22
Let d be 871/65 + 2/(-5). Suppose 0 = -3*g - n - 34 + 112, -4*g + n = -104. What is the greatest common factor of d and g?
13
Let y(k) be the third derivative of 1/3*k**4 + 0*k - 1/2*k**3 + 2*k**2 + 0. Let j be y(3). What is the highest common divisor of j and 14?
7
Let s = 4 + 36. Calculate the greatest common divisor of s and 20.
20
Suppose -m - 3*u + 4*u = 0, u + 6 = 4*m. Suppose -3*o + 4*l = 12, -m*o + l - 9 = -2*l. Suppose 3*h - 135 = -o*h. What is the greatest common divisor of h and 9?
9
Suppose 2*q = -5*w + 542, 3*w - q - 39 = 295. What is the greatest common divisor of 22 and w?
22
Let a be (-17)/(5 - (7 + -1)). What is the highest common divisor of a and 51?
17
Suppose 3*i + h = 25, 0*i + 3*h - 27 = -3*i. Calculate the greatest common divisor of 8 and i.
8
Suppose 0 = -36*g + 31*g + 15. Suppose z = g*z - 8. Calculate the highest common factor of z and 20.
4
Let q(b) = 2*b**2 + 7*b - 12. Let h be q(4). What is the greatest common divisor of 24 and h?
24
Let h = -17 - -24. Let r = h + -4. Calculate the highest common factor of r and 33.
3
Let b be 25/(-15) - (-2)/3. Let s = 5 + b. Suppose -3*p + o - 22 = -4*p, -4*o + 8 = 0. Calculate the greatest common divisor of p and s.
4
Let q = -45 - -65. Let x = 31 + -21. Let m(b) = b**2 - 4*b - 10. Let d be m(x). Calculate the highest common divisor of q and d.
10
Suppose -3*a = -8*a + 65. Suppose -a = -t - 3. Calculate the greatest common divisor of t and 40.
10
Le